?
2
Let o(i) = -8*i - 2. Calculate the remainder when 25 is divided by o(-2).
11
Let x(g) = 5 - 3*g**2 - 4 - 3 + 3 - 7*g + g**3. Let m be (-14)/(-3) - (-1)/3. Calculate the remainder when 30 is divided by x(m).
14
What is the remainder when 3/(-6) - (229/(-2) + 2) is divided by 19?
17
Suppose 0 = 3*g + r + 3*r - 50, -2*g - r + 25 = 0. Suppose p + g = -4*j, 5*p - 2*j + 5 = 21. Calculate the remainder when (2/(-1))/((-8)/16) is divided by p.
0
Let z(r) = -r + 27. Calculate the remainder when 35 is divided by z(18).
8
Let h = -14 - -11. Let p(k) = -4*k + 5. Suppose 2*b - 18 = -b. Calculate the remainder when p(h) is divided by b.
5
Let w = 51 - 18. What is the remainder when w is divided by 9?
6
Let h(c) = -11*c - 30. Calculate the remainder when h(-13) is divided by 38.
37
What is the remainder when 86 is divided by (-2)/4 - 23/(-2)?
9
Suppose 2*g - 5*g = -5*x + 79, -4*x + 62 = -3*g. Let l be -1*1*(-7 + 66). Let z = -27 - l. What is the remainder when z is divided by x?
15
Suppose -3*h + 35 + 3 = -4*n, 0 = n + 2. Let v = 120 - 83. Calculate the remainder when v is divided by h.
7
Suppose -25 = -5*q, -2*q - 38 = -2*b + 5*b. Let o(x) = -x**2 - 13*x - 4. Let j be o(-10). Let u = j + b. What is the remainder when 18 is divided by u?
8
Let f(t) = -4*t**3 + 2*t**2 + t. Calculate the remainder when 9 is divided by f(-1).
4
Suppose -w + 2*w - 2 = 0. Suppose 0 = 2*z + 5*a + 19, w*a - 7 = -5*z - 2. What is the remainder when z is divided by 3?
0
Let k = -34 - -72. Calculate the remainder when 112 is divided by k.
36
Let h(s) = 2*s**2 + 17*s + 46. What is the remainder when h(-11) is divided by 26?
23
Calculate the remainder when (-215)/(-5) - (-3 + 2) is divided by 3.
2
Suppose -u = 5 + 2. Let k = 9 + u. What is the remainder when 15 is divided by 222/27 - k/9?
7
Suppose -5*t + 2*g - 1080 = 0, -171 = 3*t + 5*g + 446. Let c = -145 - t. What is the remainder when c is divided by 18?
15
Suppose 3*v + 8*w - 304 = 13*w, 0 = -v + 2*w + 101. Calculate the remainder when v is divided by 37.
29
Let a = 7 - 9. Let o = a + 7. What is the remainder when 17 is divided by o?
2
Let q(n) = 7*n - 14. Let b be (-2)/(-4)*2*4. Suppose -44 = -3*c + c - b*v, -v - 19 = -2*c. What is the remainder when q(7) is divided by c?
11
Calculate the remainder when 59 is divided by (16/20)/1*25.
19
Let t(n) = -50*n**3 + 2*n**2 + 2*n + 1. Calculate the remainder when 254 is divided by t(-1).
50
Let t(q) = q**2 + 17*q - 5. Let m(i) = 26*i**2 + 2*i + 1. Let u = -3 + 2. Calculate the remainder when m(u) is divided by t(-18).
12
Let n(z) = 3*z**2 - z - 2. Let g = 5 - 7. Calculate the remainder when 10/4*8 + 2 is divided by n(g).
10
Suppose 10 = 5*s - o, 3 + 2 = -5*s + 4*o. Suppose k - s*k + 100 = 5*b, 0 = 2*k. What is the remainder when 57 is divided by b?
17
What is the remainder when 2/5 + 1458/30 is divided by (-4)/6 - 106/(-6)?
15
Suppose 18 = 2*o - 72. Suppose o = x + 4*x. What is the remainder when 35 is divided by x?
8
Suppose 8 = -4*v + 28. Let m(s) = 4*s**2 - v + 8*s - 5*s**2 - 3. What is the remainder when 7 is divided by m(6)?
3
Suppose 3*k - 2*i + 29 = -6, 3*k = -4*i - 65. Calculate the remainder when (k/10)/(3/(-12)) is divided by 3.
0
Suppose -6*s = -s + 85. Let p = -12 - s. What is the remainder when p is divided by (2/3)/((-3)/(-9))?
1
Suppose 2*d - 27 = -w, w = -3*d - w + 41. What is the remainder when 43 is divided by d?
4
Let m = 16 - 6. Calculate the remainder when 47 is divided by m.
7
Suppose 2*n + 5*d = 5*n - 86, d = -2*n + 66. What is the remainder when 62 is divided by n?
30
Let l(d) = 2*d**2 - 3*d - 9. Let q be l(8). What is the remainder when 13 is divided by 4/6 + q/15?
6
Let z = 33 + -13. Calculate the remainder when z is divided by 6.
2
Let j(y) = 8 - 4*y - 6 + 0. Calculate the remainder when j(-9) is divided by 10.
8
Let r(w) = w**2 - 5*w - 10. Let q be r(7). Suppose -q*u + 45 = u. Let d(s) = -s + 13. What is the remainder when u is divided by d(8)?
4
Let t = -1 + 11. Calculate the remainder when t is divided by 6.
4
Suppose 0 = -3*q - 2*q + 175. Suppose 2*m - m - q = 0. What is the remainder when m is divided by 30/1*(-2)/(-5)?
11
Suppose 24*n + 10 = 26*n. Suppose 2*x - g - 7 = n, 3*x + 4 = -4*g. Calculate the remainder when x is divided by 4.
0
Suppose 41 = 5*d - 64. Let u(p) = -2 + 2*p + 4 + p + 2*p. Calculate the remainder when d is divided by u(2).
9
Let x = 14 + -33. Let u = x + 23. What is the remainder when u is divided by 3?
1
Suppose -88 + 25 = -3*q. Suppose 5*w = -5*k + 190, 2*w = w - 3*k + 32. What is the remainder when w is divided by q?
20
Let a = -13 - -34. What is the remainder when 65 is divided by a?
2
Let r(k) = 6*k. Let m = -80 + 103. Calculate the remainder when m is divided by r(1).
5
Let m be (-48)/(-18)*(-18)/(-4). Suppose 4*i - 20 - m = 0. Calculate the remainder when i is divided by 3.
2
Suppose 3*u = 10*u - 14. Calculate the remainder when 2 is divided by u.
0
Let v(a) = 4*a**2 + a. Let y be 190/(-45) + (-4)/(-18). What is the remainder when v(y) is divided by 21?
18
Let k = -26 - -37. What is the remainder when k is divided by 5?
1
Calculate the remainder when -4 + 5 - (-1 - 22) is divided by 13.
11
Let x be 16*(1 + -1 - -2). Let o = x + -7. Calculate the remainder when o is divided by 9.
7
Let x = 14 + -7. What is the remainder when 11 is divided by x?
4
Suppose 0 = -5*d + 77 + 133. Let r = -17 + d. What is the remainder when r is divided by 7?
4
Suppose 0 = -y + 3*d + 4 + 1, 4*d = -2*y + 50. Calculate the remainder when 58 is divided by y.
7
Let r be (1/3)/((-2)/(-6)). Let n(g) = -g**2 + 13*g + 19. What is the remainder when ((-2)/(-5))/(r/20) is divided by n(14)?
3
What is the remainder when 83 is divided by ((-5)/6)/(-5) + (-166)/(-12)?
13
Let r = -23 - -37. What is the remainder when 39 is divided by r?
11
Calculate the remainder when 46 is divided by (-4 + 14)*(4 + (-32)/10).
6
Let z(a) = 2*a - 1. Calculate the remainder when z(6) is divided by 3.
2
Let h(n) = n**3 + 8*n**2 + 6*n + 8. Let r(a) = a**3 - 5*a**2 - 7. Let p be r(5). Let q = 145 - 101. What is the remainder when q is divided by h(p)?
14
Suppose l - 2*l + 3 = 0. Let o = 11 - l. What is the remainder when 16 is divided by 46/o - (-4)/16?
4
Suppose 5*t - 15 = -u + 6, -5 = -5*t. Suppose 689 = 5*k - 3*z - 436, -669 = -3*k + 3*z. Suppose 5*y = 7 + k. Calculate the remainder when y is divided by u.
15
Suppose 0 = -k - 3*k + 4*a + 12, -4*k = -3*a - 12. Suppose -5*p + o + 131 = -o, 0 = -k*o - 9. Calculate the remainder when 74 is divided by p.
24
Let u(r) = -r**3 + 5*r**2 - 2*r + 7. Let m be u(5). Let d = m + 5. Let t(z) = -10*z + 54. What is the remainder when t(5) is divided by d?
0
Let u be 37 + 1 + (-6)/2. Suppose -3*p + u = 2*p. Let z = -1 + p. Calculate the remainder when 16 is divided by z.
4
Let g(x) = x**2 - 7*x + 2. Let q be g(6). What is the remainder when 11 is divided by (21/(-9))/(q/12)?
4
Let u(w) = 5 + 0 - 2*w - 3. Let j be u(-2). Suppose 56 = j*d - 2*d. Calculate the remainder when d is divided by 8.
6
Let m(a) = a**2 + 11*a + 1. Calculate the remainder when 24 is divided by m(-12).
11
Let s(p) = -p - 4. Let b be s(-6). Let r(l) be the second derivative of 3*l**3/2 - l**2 + 3*l. Calculate the remainder when 46 is divided by r(b).
14
Suppose -164 = 4*l - 512. Calculate the remainder when l is divided by 30.
27
Let r = -1 + 4. Let u(c) = 44*c**2 + 3 - r + 1. What is the remainder when u(-1) is divided by 23?
22
Let v be 15/(-20) + 6/8. Suppose 33 = 2*k - 17. Calculate the remainder when k is divided by 2/((-6)/(-39)) + v.
12
Suppose 9*t - 139 + 13 = 0. What is the remainder when 39 is divided by t?
11
Suppose -4*m - 3*t - 3 = 0, 20 = -t - 3*t. What is the remainder when 3 is divided by m?
0
Suppose 99 = -2*d + 5*d - 4*u, -101 = -4*d - 5*u. Calculate the remainder when d is divided by 20.
9
Suppose 0*s = 3*r - 4*s - 37, 3*s + 3 = 0. Let f = -27 - -46. Calculate the remainder when f is divided by r.
8
Calculate the remainder when 112 is divided by (3 - 0)/((-3)/(-38)).
36
Let g(l) = -l**2 + 14*l - 2. Calculate the remainder when g(12) is divided by 6.
4
Suppose c - 4*c = -4*y - 10, 2*y = 10. What is the remainder when (21 - (-6)/(-3))*1 is divided by c?
9
Let h = -28 - -44. Suppose -3*q + 3*t - 22 = -5*q, -h = -4*q + t. Let i = -29 - -43. What is the remainde